he value of (-225 - -149) + 96 + (1 - 1) + -5?
15
What is the value of (-1 - (12 + 1)) + 3?
-11
Evaluate -9 - -17 - -4 - 11.
1
Evaluate 25 + -2 + (-154 - -154).
23
What is -6 - (((-12 - -9) + 5 - 5) + 20)?
-23
Calculate 24 - (-81 - -39) - 34.
32
Evaluate -26 - (-13 + -11 + 15).
-17
What is (0 - (18 + -2)) + 31 + -29?
-14
What is 13 + -5 + (-14 - (-10 + 4 + 11))?
-11
-3 + -3 + 225 + -205
14
What is 10 + -45 + 11 - -16?
-8
What is -1 + -24 + 6 + -6 + 10 + 0?
-15
What is -1 - 8 - (68 - 69 - (-1 + 9))?
0
Calculate -11 - (3 + -21) - (-1 - -1).
7
10 + -3 + -5 + -1 - (0 - -4)
-3
What is (-4 - -3 - 16) + (28 - 31) + 6?
-14
Evaluate (-14 + 12 - 13 - -17) + (-4 - 1).
-3
Evaluate (-13 + (8 - -6) - -11) + (10 - 1).
21
Calculate -9 - 0 - (9 + 11 + -21).
-8
What is the value of 11 + (-4 - (3 + 6 - 5))?
3
What is (0 - -15) + -13 + (14 - 4)?
12
Evaluate (63 - 57) + -1 + -2.
3
What is the value of -18 - (25 - 73) - (-2 + 5)?
27
Evaluate 3 - (-8 + (-6 - -13)).
4
What is -1 - (8 - (30 + -4))?
17
What is the value of -90 + 82 + (-3 - (4 - 3))?
-12
20 + (-20 + 12 - -7 - (-3 - -4))
18
What is (14 - -1) + (-16 - 2)?
-3
Calculate -16 - -20 - (2 + -11 - 6).
19
0 + 22 + -15 + (-2 - -15)
20
What is the value of -2 - 0 - (-4 + -6)?
8
-25 + (30 - 24 - -20)
1
What is the value of 7 - (4 + -3 + 16)?
-10
Evaluate (-40 - -30) + (-2 - 20) - -4.
-28
What is the value of -2 + -2 + 1 - (-26 - (-37 + 14))?
0
What is 37 + -39 + 1 + -5 - (-8 + 6)?
-4
Evaluate (137 - 133 - (3 + 0)) + -8.
-7
Calculate 1 + -8 + 1 - (-4 + 6 + -11).
3
Calculate (3 - 24) + (-4 - -19).
-6
What is 19 - ((-73 - -85 - (1 - -6)) + 2)?
12
Evaluate -4 + -4 - (16 + -6 + -10).
-8
What is the value of (1 - 1) + (-3 - (0 + 0 + -7))?
4
Evaluate 14 + -17 + (14 - 6).
5
Evaluate 5 - (13 + -20) - 21.
-9
Calculate -51 + 44 - (-6 + -4 + 5).
-2
What is 438 + -428 - (2 + -5 + -3)?
16
-9 + (18 - (-9 + 15)) + -4
-1
Evaluate (2 - -1) + 24 + (-12 - -19 - 60).
-26
Evaluate -4 - (5 + 12 + (4 - 1)).
-24
What is the value of -2 - (-4 - 3 - -7) - (0 + 5)?
-7
Evaluate -5 + (-5 - (1 - 3)) + 12.
4
Evaluate -12 - ((-19 - -6) + -2).
3
What is 6 - (-6 - -15) - (18 + -13)?
-8
What is the value of -4 - -2 - (-13 - -14)?
-3
What is 18 + -22 + 25 - 4?
17
(-17 - -5) + 7 - (7 - -1)
-13
What is (4 - -2) + 17 + -49 + 12?
-14
What is the value of -582 + 587 - (1 + 1 + 0 - 0)?
3
Evaluate -3 + (14 - (4 + 1) - (-8 + 11)).
3
What is 8 + 13 + (-8 - -1) + -2?
12
Calculate -7 + (2 - (-3 + 5)) + (-2 - -14).
5
(-13 - -8) + (0 - -1) - (3 + 0)
-7
Calculate (0 - -1) + 4 + -329 + 336.
12
Evaluate (10 - 6) + -23 + 17.
-2
What is the value of (-22 - -15) + 14 + (-19 - -2) + -3?
-13
(39 - 26) + (-3 - 3) - (0 + 1)
6
Evaluate 15 - ((-18 - -5) + 18).
10
(-75 - -36) + 30 - (0 - -9)
-18
What is the value of 4 - (-12 + -10 - -19)?
7
Calculate (0 - -11) + 16 + (-29 - -13).
11
Calculate 2 - 9 - (22 + -40 + 21).
-10
17 + -24 - (-4 - (-5 + -5))
-13
What is the value of -10 - (-28 - -12) - 0 - -7?
13
What is the value of 13 - 18 - (-4 + 8 + -19) - -1?
11
What is the value of -56 + 48 - (-7 - -6 - (9 + -2))?
0
(-1 - -17) + -3 + -1 + -8 + 10
14
2 + (-28 - -12 - (-1 - -3 - -7))
-23
Evaluate 3 + -5 + -10 + 5 + 3.
-4
Calculate -18 + (-18 - (-24 - -6)).
-18
(-41 - -47) + 0 + (2 - -6)
14
-4799 + 4811 + (9 + -1 - 0)
20
Calculate 35 + -19 - (-2 - (-2 + -6)).
10
6 + 1 + 3 + (-3 - (9 + 0))
-2
Calculate 7 + -9 + 3 + 6 + -18.
-11
Evaluate -4 - 8 - (-4 + -3).
-5
What is the value of -4 + 15 + -3 + -13?
-5
Evaluate -1 - (-6 + 19 + -10).
-4
What is (-1 + -3 - (23 + (-62 - -28))) + -5?
2
-4 - 0 - (-10 - (5 + -15 + 1))
-3
Evaluate 11 + -21 + 8 + 6 + (3 - 4).
3
What is the value of -2 + -6 - (143 + -143)?
-8
What is (-11 + 48 - 1) + -9?
27
Calculate (6 - ((-7 - -20) + -14)) + -12.
-5
Evaluate 19 + -2 - 2 - 21.
-6
Calculate -16 - (-1 - -5 - (20 - 16) - 8).
-8
What is 5 + (-5 - (-4 - -2)) + -19?
-17
Calculate -5 + 2 - (-5 + 0 - -3) - -10.
9
Calculate -25 - (-26 + 2) - (1 + -1).
-1
What is -4 - (-6 + 10 + 5)?
-13
What is (-2 + (-6 - -1) - -2) + 84 + -82?
-3
Calculate 21 - (-9 + 17) - 11.
2
What is the value of -20 + 8 + (-8 - -5) - 3?
-18
What is 11 + 20 + -20 + -7?
4
What is 0 - (0 - (-4 + -12))?
-16
Calculate 2 + -17 + (20 - 22 - 1) + -2.
-20
Evaluate (20 - (23 + -23)) + 0.
20
What is the value of 5 + (17 - -17) - 31?
8
What is the value of (-9 - -8) + 8 - (1 - -12) - 7?
-13
Evaluate -1 + 0 + -15 - (-10 - -7 - 2).
-11
Calculate 2 - (-4 + 15 - 2).
-7
Evaluate (0 - -2) + 23 + 9 + -14 + 0.
20
What is the value of -4 + (5 - 7) + 2 - (-1 + 12)?
-15
Calculate -3 + (-28 - 43) + 42.
-32
8 + (-4 - 6) - (0 + -1 + -3)
2
What is the value of 6 - 13 - (-1 - -3 - 10)?
1
What is the value of -31 + 3 + (-33 + 25 - -11)?
-25
Calculate 166 + -181 + (41 - 2).
24
What is (24 - 0) + (-2 - 32)?
-10
What is the value of 7 - (-12 + 3 + 6)?
10
What is the value of 17 + (1 - (-1 + 1 - (27 + -31)))?
14
Calculate (12 - 14 - -2) + 2.
2
What is 2 + 0 - (-78 + 81)?
-1
What is ((17 - 1) + -8 - 13) + (-3 - 3)?
-11
-9 - (10 + -1 - 17)
-1
What is 2 - ((-6 - 2) + 14)?
-4
What is the value of -1 + (4 - -12) - (11 - 19 - -11)?
12
What is the value of 5 + (-17 - (4 + -6 - 2))?
-8
What is -50 + 65 + (-4 - -2 - 0) + -4?
9
Evaluate 3 + -40 - (-5 + -18).
-14
19 - (41 - (8 + 6))
-8
Evaluate -52 - -56 - (2 - 1).
3
Evaluate 0 + -5 + 16 + 32 + -28.
15
Evaluate (-5 - (-28 + 9)) + (-1 - 0).
13
Evaluate (-9 - 3) + 4 + 2 + 14.
8
Calculate -5 + (-8 + 4 - -9) - 2.
-2
Calculate -9 + (-6 - -15) - (-5 + 0).
5
What is the value of (3 + -3 + 1 - 7) + -111 + 130?
13
What is the value of 5 - 0 - (6 - (-5 + -2 + 7))?
-1
1 + (-2 + -2 - -13) + -32 + 14
-8
Evaluate 15 - (0 - (-1 - 11) - (120 + -113)).
10
What is the value of -15 - -12 - -14 - (-6 - (7 + -5))?
19
Calculate -3 - (-10 - (-6 - -4)).
5
What is 2 + 4 + 101 + -104 + 4 - 9?
-2
What is the value of -173 - -153 - (-24 - 3)?
7
What is the value of -12 - (-39 + 31 - (0 - 6)) - -24?
14
Calculate (-33 - -41) + -35 - 8.
-35
Evaluate 57 + 25 + -35 - 17.
30
What is 12 + (-31 - -6) + -1 + -3?
-17
What is the value of -15 - -1 - (23 + -7)?
-30
What is (9 - -2) + (11 - 0 - 2) + -48?
-28
Evaluate 11 - (20 + 3 + -25).
13
-21 + (13 - (9 + -11))
-6
Calculate 14 - (3 + -2 - (-3 - 8)).
2
What is the value of 1 - (-2 - ((10 - (-1 + 5)) + -3))?
6
What is the value of (15 - 17) + -14 - -25?
9
6 - (4 - (-19 + 2))
-15
Evaluate 187 + -150 - (1 + 32).
4
What is 3 + 0 - 0 - (278 + -271)?
-4
Calculate 9 + (6 - (-5 - -15)) + 9.
14
-11 - -1 - (-355 - -330)
15
Calculate (-18 - (-2 + -21)) + (-4 - -3) + 7.
11
Calculate 0 + -12 + -30 + 59.
17
What is 4 - ((6 - 1) + 15 - (-3 - -4))?
-15
14 - (39 + -18 + -7)
0
What is -37 - (18 - 14 - 22)?
-19
What is the value of -20 - ((-7 - -1) + -3 + 1 - -5)?
-17
Calculate 2 + 1 + (-2 - -7) + 579 + -576.
11
What is the value of 24 + (20 - (75 + -36))?
5
What is -6 + 0 - -3 - ((-5 - -6) + -27)?
23
Evaluate 2 - (10 + (3 - -2)) - (-2 + -5).
-6
What is 1 - 2 - (510 - 513 - (1 + -10))?
-7
What is 5 + 23 + -5 + (6 - (-5 + 8))?
26
What is the value of -2 + (-14 - -35) + (5 - 3) + -6?
15
Calculate 7 + 0 + 11 + 12 + -12.
18
What is (-24 - (19 + -12)) + 27?
-4
What is (35 - 38) + 3 + 0?
0
Evaluate 3 - (-15 + (-7 - -8)).
17
What is the value of -18 + 28 + (4 - 20) - -2 - -29?
25
What is the value of 0 - ((5 - 8) + 2)?
1
What is -6 - (-27 - -1) - (9 + (4 - 7))?
14
What is the value of 6 - (6 + 1 + -7) - (-2 + 16)?
-8
Calculate 3 + 1 - (-399 - -388).
15
-2 - (-1 + -5 + (7 - -3)) - 6
-12
What is the value of 5 - (219 - 219 - (1 - 10))?
-4
What is the value of (0 - -1) + -90 + 84?
-5
What is -6 + 15 + -7 + 12?
14
15 + -21 + -7 - (-1 - (4 - 8))
-16
Calculate -27 - (-2 + -2 + 13 + -17).
-19
Calculate -18 - (-6 - 0 - 5).
-7
Evaluate 0 + (23 - (34 - 2)).
-9
Evaluate (0 + -3 - 0) + (21 - 6 - 24).
-12
What is the value of (-4 - 1 - 4 - -13) + -1?
3
-15 - (1 - -4 - (-109 + 112))
-17
-99 + 69 + (43 - -2)
15
Evaluate (-1 - (-7 + 12 - 8)) + (-6 - 0).
-4
Evaluate 1 + (-7 - (-9 + (-7 - -4 - -4))).
2
Evaluate -10 + 6 + -6 + 7 + -7.
-10
Evaluate 9 + (5 + 3 - 10).
7
What is the value of (5 + 1 - -3) + -10 + -8?
-9
Evaluate 14 - (25 + -18) - 17.
-10
-1 - 0 - (-21 - -10) - (11 - -24)
-25
Calculate -306 + 300 - ((-2 - (1 + -4)) + 1).
-8
Evaluate 15 + -12 + 15 + -3 + (-2 - -2).
15
What is the value of (-7 - (-12 - (-33 - -